he remainder when 28 is divided by f?
13
Let b be (-85)/(-3) + (-16)/(-24). Let r = -18 + b. Let i = r + -7. What is the remainder when 6 is divided by i?
2
Let f be 2/2*(49 + -2). Suppose f = 4*q - 29. What is the remainder when -37*(-1 + -1)/2 is divided by q?
18
Suppose -5*r - m - 2 = 0, -4*r - m = -0*m + 2. Suppose 5*b - 230 = p, -200 = -4*b - r*p + 4*p. Calculate the remainder when b is divided by 12.
9
Let q(t) = 13*t**2 - t. Calculate the remainder when q(1) is divided by 38/8 - (-6)/24.
2
Suppose -a - 6 + 18 = 0. What is the remainder when a is divided by 5?
2
Suppose 5*l = -u + 35, 5*u - 3*l - 9 = 26. What is the remainder when 37 is divided by u?
7
Let q(y) = -y + 8. Let o be q(10). Let g(r) = -9*r. Calculate the remainder when g(o) is divided by 10.
8
Calculate the remainder when (117/12)/((-5)/(-80)) is divided by 16.
12
Suppose 55*q = 60*q - 115. Suppose -v - 5 + 13 = 0. Calculate the remainder when q is divided by v.
7
Suppose 0*m - 3*l - 96 = -4*m, -2*m + 4*l + 38 = 0. Let x = -6 + m. What is the remainder when x is divided by 11?
10
Let c = -14 + 23. Calculate the remainder when 15 is divided by c.
6
Let o(c) = 4*c - 9. Let t be 3/(-2)*364/(-6). Suppose 3*f + 3*r = 30 + 54, -3*f + t = -4*r. Calculate the remainder when f is divided by o(6).
14
Let k be (-27)/(-12) - 3/12. Suppose k*n - 9 = 9. What is the remainder when 35 is divided by n?
8
Suppose 2*f - 129 = -25. Let t be (f - -1)*-1 + 2. Let x = t + 76. Calculate the remainder when x is divided by 9.
7
Suppose -2 - 2 = -4*x. Suppose 4*q - 24 = u, 0 = 5*q + u - 0*u - 39. Suppose q = p - x. What is the remainder when 31 is divided by p?
7
Let n = -25 - -11. Let p(d) = -d - 2. Calculate the remainder when 45 is divided by p(n).
9
Let v(r) = r**3 - 3*r**2 + 4*r + 2. What is the remainder when v(5) is divided by 15?
12
Suppose 1 = -x + 3. Let v = 27 + -47. What is the remainder when x is divided by v/(-50) - 16/(-10)?
0
Let l(v) = v**2 + 14*v - 19. Suppose -2 = 2*h, 0*h = 4*b - 3*h - 151. What is the remainder when b is divided by l(-16)?
11
Let o = -15 - -13. Let i(d) = 2*d. Let n be i(4). What is the remainder when 9 is divided by o + (n - (0 - -1))?
4
Suppose -n - 3*n + 4 = 0. Let m be (1 - 0) + -2 + n. Calculate the remainder when 27 is divided by -4 + (2 - m) + 16.
13
Let s be -3 - -3 - (-2)/1. Suppose 2*p - 64 = -s*p. Calculate the remainder when p is divided by 6.
4
Let o(a) = 6*a - 12*a - 1 - 12*a - 14*a. Suppose 9*k = 4*k - 5. Calculate the remainder when o(k) is divided by 16.
15
Let w = 24 + 1. What is the remainder when 47 is divided by w?
22
Let z = -30 - -43. What is the remainder when 47 is divided by z?
8
Suppose -4*y - 2*a + 16 = 0, 14 - 6 = 2*a. Calculate the remainder when (1/y)/(4/72) is divided by 5.
4
Suppose -q = 2*f + 2*f - 23, 5*q = -4*f + 163. Let p be 7 - 6/(-1 + 4). Suppose -88 - 2 = -p*y. Calculate the remainder when q is divided by y.
17
Suppose w + w = 4, 5*q + w = 17. What is the remainder when 17 is divided by 8 + (q/(-1) - -1)?
5
Suppose 4*j - 78 = 2*j + 5*v, v - 32 = -j. Calculate the remainder when j is divided by 12.
10
Let q be (-3)/5 + 72/(-5). Let p = 11 + q. Let y = 6 - p. Calculate the remainder when 18 is divided by y.
8
Let t = 2 + 4. Calculate the remainder when t is divided by 2.
0
Let g(s) = 2*s**2 - 6*s + 3. Let x(v) = 6*v - 41. What is the remainder when g(5) is divided by x(9)?
10
Let m = 5 + 0. What is the remainder when 5 is divided by (-1 - -1) + (7 - m)?
1
Let n be (2 + 8)*(-1)/2. Let s(i) = -i**3 - 5*i**2 - 2*i - 9. What is the remainder when 2 is divided by s(n)?
0
What is the remainder when (-1)/((-77)/19 - (-28)/7) is divided by 4?
3
Let a be (2 - 2)/((-2)/2). Suppose a*m = -m + 5. Suppose 6 = -3*u - m*k + 39, -u - 5*k + 11 = 0. Calculate the remainder when 20 is divided by u.
9
Calculate the remainder when 11 is divided by (-108)/30*10/(-6).
5
Suppose 2*r + y - 27 = 67, -250 = -5*r + 5*y. What is the remainder when 188 is divided by r?
44
Let c(v) = -v**3 - v**2 + 2*v + 13. Suppose 4*u + 3*q = 11, -u + 9 = 3*u + q. What is the remainder when c(0) is divided by u?
1
Suppose 4*p = -3 - 17. Let y = p - -20. What is the remainder when 43 is divided by y?
13
Suppose -13*a + 134 = -217. Calculate the remainder when a is divided by 14.
13
Suppose 0 = 2*j + 2*f - f - 33, 5*j = 3*f + 88. What is the remainder when j is divided by 4?
1
Suppose 8 = n + 2. Calculate the remainder when 14 is divided by n.
2
Calculate the remainder when 6/(-4)*(-208)/6 is divided by 18.
16
Suppose -3*p + 102 = 4*t, -2*t - 3*t - p + 122 = 0. What is the remainder when (-1 + 5 - -71) + -4 is divided by t?
23
Calculate the remainder when (-2)/((6/(-540))/(2/8)) is divided by 16.
13
Let f(m) = m**2 - m + 2. Let w be f(0). What is the remainder when 0 - (-84 + w/(-1)) is divided by 29?
28
Let b = 3 + 3. What is the remainder when 57 is divided by b?
3
Let j be (-5 - 1)/(1 - 0). Calculate the remainder when (-1)/2 + 178/4 is divided by (-30)/(3/(j/4)).
14
Suppose 5*b = -152 - 118. Let w be (-2)/(-4) - b/4. Suppose -d + 0*d = -w. Calculate the remainder when 41 is divided by d.
13
Suppose 2*l + 2*l = 8. Suppose -l*j + 8 = -0*j. Calculate the remainder when j is divided by 3.
1
Let g(c) = -5*c - 4. Let b(v) = -14*v - 12. Let i(w) = 6*b(w) - 17*g(w). Let p be i(0). What is the remainder when 37 is divided by (-12)/9*30/p?
7
What is the remainder when ((-20)/6)/((-1)/((-66)/(-4))) is divided by 28?
27
Suppose 0*u = 5*u + 50. Suppose 4*o = 329 - 97. Calculate the remainder when o is divided by u/((-6)/(-4) - 2).
18
Let c(v) = -14*v - 3. Let u(a) = 27*a + 6. Let j(f) = -11*c(f) - 6*u(f). Calculate the remainder when j(-3) is divided by 12.
9
Let l be 28/6 - 4/6. Suppose -z + 4*p = -0*z - 6, -24 = -4*z + l*p. What is the remainder when z is divided by 3?
0
Let x(l) = l**3 + 7*l**2 + 6*l - 6. What is the remainder when 82 is divided by x(-5)?
12
Let w be (-9)/45 + 201/5. What is the remainder when 30 is divided by (1/(-1))/((-5)/w)?
6
Let u be -3 + 4 + 6/(-1). What is the remainder when (-4)/(-10) - 73/u is divided by 6?
3
What is the remainder when (1/2)/(1/48) is divided by ((-9)/2 - -2)*312/(-60)?
11
Let d(b) = -7*b - 3. Suppose 5*s = -5*c - 10, -2*c = 5*s - 9*s - 14. Let o be d(s). Suppose 0 = r - 0 - o. What is the remainder when 34 is divided by r?
16
Suppose 35 = 5*z - 0. Suppose -w + z + 97 = 0. Suppose -w = -3*n - n. Calculate the remainder when 76 is divided by n.
24
Suppose -2*k + 3*d - d = 0, 2*k = 5*d - 6. Calculate the remainder when 83 is divided by 2/4*(k + 40).
20
Let p(m) = m**3 + 6*m**2 + 6*m + 7. Let d be p(-5). Suppose -7 + 77 = d*h. Calculate the remainder when h is divided by 18.
17
Calculate the remainder when 17 is divided by ((-5)/3)/((-3)/9).
2
Suppose 0*u + 40 = -5*u. Calculate the remainder when 15/(-20) + (-102)/u is divided by 5.
2
Let g(u) = u**2 + 7*u + 12. What is the remainder when 6 is divided by g(-5)?
0
Let i(g) = -2*g**3 - 59*g**2 + 31*g + 36. Let f(p) = 3*p - 6. Let u be f(4). What is the remainder when (-6)/9 + 70/u is divided by i(-30)?
5
Let l(m) = -6*m + 2. Let o be l(-5). Suppose -2*s = 4*h + h - o, 0 = -3*s + h + 31. Calculate the remainder when s is divided by 4.
3
Suppose -4*b + 110 = -126. Calculate the remainder when b is divided by 10.
9
Suppose -10*b + 5*b = -185. What is the remainder when b is divided by 10?
7
Let k = 32 + -18. Let b = 63 - 14. Let r = b - k. Calculate the remainder when r is divided by 12.
11
Suppose 0 = 4*v - v. Suppose v = -3*y - y + 132. What is the remainder when y is divided by 17?
16
Let i(n) = -35*n. What is the remainder when 67 is divided by i(-1)?
32
Let a be -2 + (-3)/(-1) - 2. Let r = a + 0. What is the remainder when 11 is divided by 9/(r - 5/(-2))?
5
Let v(s) = -s**2 + 9*s - 2. What is the remainder when 58 is divided by v(7)?
10
Suppose -c + 11 = -d + 6*d, -18 = -2*d + 3*c. Suppose w = -0 + 1. Calculate the remainder when d is divided by w.
0
Let t(s) be the second derivative of s**4/6 - s**3/2 + s**2/2 - 3*s. Let o(j) = -j - 3. Let k be o(-6). Calculate the remainder when t(k) is divided by 6.
4
Suppose -2*d = 7*d - 36. Let o = -1 + 4. Calculate the remainder when d is divided by o.
1
What is the remainder when 34 is divided by 12 + 3/((-2)/2)?
7
Let c(s) = 12*s**3 + s**2 - 